he prime factors of g?
2, 13, 59
Suppose 0 = 2*t - 396 - 2204. List the prime factors of t.
2, 5, 13
What are the prime factors of 8 + 193 - (-4 - -1)?
2, 3, 17
Let w(n) = -23*n**2 - 8*n + 19. Let k(o) = -o**2 + o. Let t(i) = -3*k(i) - w(i). List the prime factors of t(3).
2, 5, 23
Suppose -25060 = 3*b - 13*b. List the prime factors of b.
2, 7, 179
Suppose 3*q + 11 = -16. Let j = 68 + q. What are the prime factors of j?
59
What are the prime factors of 2*4*(-14564)/(-176)?
2, 331
Let f(u) be the third derivative of u**4/6 - 3*u**3 - u**2. Let n = -18 + 26. What are the prime factors of f(n)?
2, 7
Let h = -19 + 61. Let m = 48 - 72. Let o = m + h. List the prime factors of o.
2, 3
Let r(z) = 8*z + 30. Let g be r(-14). Let s = g - -117. What are the prime factors of s?
5, 7
Suppose -5*w - 279 = -5*o + 22421, 0 = 3*o - 5*w - 13622. What are the prime factors of o?
3, 17, 89
Suppose 2696 = 3*h + 4*n, -9*h - 5*n = -6*h - 2701. What are the prime factors of h?
2, 223
Let d = 8 + -4. Let f(o) = 58*o**2 - o - 8. Let i be f(-2). Suppose d*g - i + 86 = 0. List the prime factors of g.
5, 7
Suppose -5*j - 2 = 4*i, 3*i + 0 + 9 = 0. Suppose 44 = j*r - 42. List the prime factors of r.
43
Suppose -87 - 533 = -4*q. What are the prime factors of q?
5, 31
Let m = 314 + 1474. What are the prime factors of m?
2, 3, 149
Let t(u) = -u**3 + 3*u**2 + 8*u + 10. Let v be t(-4). Suppose -3*a - 3*f = -v, 0 = -3*a - 2*f + 6*f + 111. What are the prime factors of a?
3, 11
Suppose -4*u = 4*g - 20, 2*u - g + 0*g - 4 = 0. Let i(c) = -1 - 3*c**2 - 4*c**2 + 13*c + 6*c**2 - u*c. List the prime factors of i(9).
2
Let y = -13 + 16. Suppose -3*w - 384 = -3*n, -5*n - y*w + 298 = -342. What are the prime factors of n?
2
Let n(a) = -a**2 - 7*a - 5. Let c be n(-4). Suppose -8*k + 9*k = c. What are the prime factors of k?
7
Let k(x) = 3 + 2*x**2 - 1 + 12*x + 3. Suppose 5*a - 8 = 2*f, -4*a = -2*f + 5 - 15. List the prime factors of k(f).
59
Let l be (-2)/5 - 34/(-10). Let v = -41 - -66. Suppose -q + l = -v. What are the prime factors of q?
2, 7
Suppose 4 = -11*f + 7*f. Let n be f/(-6) + (-46)/(-12). Suppose -15 = -n*h + 3*h. List the prime factors of h.
3, 5
Suppose 8*o - 4096 = -464. What are the prime factors of o?
2, 227
Let q = 2421 + -474. What are the prime factors of q?
3, 11, 59
Suppose 0*y - 14 = -b + 3*y, -3*b + y + 26 = 0. Suppose 0 = -3*p - p + b. List the prime factors of p.
2
Let m(w) = 6*w**2 + 7*w + 31. List the prime factors of m(-7).
2, 3, 23
Suppose -12*v - 1748 = -35*v. List the prime factors of v.
2, 19
Let i(h) = -h**3 + 3*h**2 + 4*h + 2. Let d be i(-1). What are the prime factors of (-5278)/39*(-3)/d?
7, 29
Let x = 21 + -18. Suppose 5*m - 299 = 2*b, -x*m + b + 46 = -134. What are the prime factors of m?
61
Suppose -2 = u - 0*u. Suppose 283 = -8*z + 99. List the prime factors of -2 - (z - (u - 0)).
19
Let c be 2 + 4/4 - 1. Let m(o) = -c*o - 6*o - 4*o + 3*o + 2. List the prime factors of m(-3).
29
Let v(j) = 4*j - 315. Let t be v(0). Let g = -216 - t. List the prime factors of g.
3, 11
Let y(w) = -2*w**3 + 7*w**2 + 3*w + 2. Let j be y(4). Let t = 18 - j. What are the prime factors of t?
2, 5
Let m(h) = -h + 2. Let n be m(2). Suppose -6*b + 9*b - 171 = n. What are the prime factors of b?
3, 19
Suppose 0 = -10*g - 911 + 301. Let o = g + 89. What are the prime factors of o?
2, 7
Let w(t) = t**3 + 3*t**2 + 2. Let k be w(-3). Suppose 0 = 2*p - k - 8. Suppose 0 = -p*c - 15 + 65. List the prime factors of c.
2, 5
Suppose -14 = -7*r + 5*r. Suppose 5*k = r*c - 3*c + 1140, 4*k + 5*c = 912. Suppose 0 = 5*y - k + 13. What are the prime factors of y?
43
Let j = 277 + -190. Suppose -4*d = -1 - j. Suppose r - d = -5*g, 4*r + 5*g - 206 = -88. What are the prime factors of r?
2
Suppose 0 = 100*n - 102*n + 2586. List the prime factors of n.
3, 431
Let l(s) = -75*s + 149. What are the prime factors of l(-7)?
2, 337
Suppose -5*l = -l - 8. Suppose -22 = -l*z + 36. List the prime factors of z.
29
Let b = 3993 + -1976. What are the prime factors of b?
2017
Let p be ((-48)/270 - (-4)/(-18))*-10. Suppose 0 = p*f - 28 + 8, -5*f - 575 = -4*d. List the prime factors of d.
2, 3, 5
Suppose 3*n + 5*d = 32 - 2, 0 = -n - 5*d. Suppose -5*u + n*u = 1730. What are the prime factors of u?
173
Let u = -53 + 241. List the prime factors of u.
2, 47
Suppose 4*z + 16 = 0, 4*r - 3*z = -r + 1457. What are the prime factors of r?
17
Let t = 14 + -12. Suppose 5*s - t = 13. Suppose 2*k + 2*f = 50, -15 + 0 = s*f. What are the prime factors of k?
2, 3, 5
Let w = -21 + 13. Let h be (24/16)/((-6)/w). Suppose -6*t = -h*t - 96. What are the prime factors of t?
2, 3
Suppose 2*f = f - 61. Let r be 2409/(-21) - 4/14. Let w = f - r. List the prime factors of w.
2, 3
Let d(u) = u**3 + 5*u**2 + 2*u - 6. Let g be d(-5). Let y = 28 + g. Suppose z - y - 2 = 0. What are the prime factors of z?
2, 7
Let g be (-2)/(-12) + (-105)/(-18). Suppose -4*p = -14 + g. Suppose 5*d + 3*w = 23 + p, 5*d = 5*w + 65. What are the prime factors of d?
2
List the prime factors of 855255/621 + ((-4)/9)/2.
3, 17
Let d = 90 - -519. What are the prime factors of d?
3, 7, 29
Let p be 0/(-6) - 3/(-1). Let w be (-3)/2*-20 - -1. Suppose -148 = -p*q - w. List the prime factors of q.
3, 13
Suppose 2*y + 15239 = 5*n, -4*y - y = -5*n + 15230. List the prime factors of n.
3049
Let a = 674 + 546. List the prime factors of a.
2, 5, 61
Let t(n) = -14*n - 152. List the prime factors of t(-27).
2, 113
Suppose -20 = -5*y, 1559 = u + 2*u - 4*y. List the prime factors of u.
3, 5, 7
Let z(u) = 2*u**2 - 10*u + 107. List the prime factors of z(12).
5, 11
Let q be (4/(-3))/(34/153). Let m(b) = -b**3 - 3*b**2 + 6*b + 10. List the prime factors of m(q).
2, 41
Suppose 0 = -22*h + 11229 + 5271. List the prime factors of h.
2, 3, 5
Let p be 117/(-6)*(-8)/(-6). Let y be (1/(-3))/((-6)/1098). Let h = y + p. List the prime factors of h.
5, 7
Let u be ((-22)/(-55))/(1/75). Let d(j) = -j**3 - 3*j**2 - 2*j + 2. Let k be d(-2). Suppose k*p - 18 = u. List the prime factors of p.
2, 3
Suppose 3*m - 3*z - 840 = -0*z, -2*m = 2*z - 572. List the prime factors of m.
283
Let d = 369 + -159. Let p = 108 + d. Suppose -q - q - 2*c = -132, 0 = -5*q - c + p. What are the prime factors of q?
3, 7
Let c(j) = -j**3 - 6*j**2 - 7*j - 6. Let r be c(-5). Let x be 1*(r - (19 - 4)). Let q(g) = -g**3 - 12*g**2 - 11*g + 5. List the prime factors of q(x).
5
Let c = -7105 + 12127. List the prime factors of c.
2, 3, 31
Suppose 3*y - 86 - 94 = 0. Let d be 2 - 4 - 2 - y. Let l = -25 - d. What are the prime factors of l?
3, 13
Let n = 7 - 6. Suppose 5*i - 4*r = n - 11, 0 = -3*r + 15. What are the prime factors of i/(-1) + 5 - -22?
5
Let m(r) = 3*r**2 - 2 + 50*r**2 - 61*r + 62*r. What are the prime factors of m(1)?
2, 13
Let h(r) = -r + 6. Let g be h(4). Let j(l) = -16*l + 2*l - 11 + 4*l**2 + g*l - 5*l**2. List the prime factors of j(-10).
3
Let z(u) = -u + 22. Let m be z(15). Let f(g) = 9*g - 2. List the prime factors of f(m).
61
Let z be (7/(-21))/((-2)/6). What are the prime factors of 2 + (80 + -3)/z?
79
Suppose -676 + 176 = -5*g. Let v = -40 + g. Suppose i - 6*i = -v. What are the prime factors of i?
2, 3
Suppose f + 90 - 7 = 0. Let o = f - -119. Suppose 2*s - 3*s + 3*r = -o, 2*r = s - 32. What are the prime factors of s?
2, 3
Suppose s + 5*o - 996 = 0, 5*s - 4458 = 4*o + 609. List the prime factors of s.
3, 337
What are the prime factors of ((-9)/(-2))/(-4 + 321/78)?
3, 13
Let x be 1*8*(-12)/(-4). Let g be 1/(-6) - (-100)/x. Suppose 72 = g*n - 44. List the prime factors of n.
29
Let l be (-12)/(-3*4/40). Suppose l = a - 39. List the prime factors of a.
79
Suppose -4*q + 35*q - 60543 = 0. List the prime factors of q.
3, 7, 31
Let k(r) = r**3 - r**2 - r - 1. Let q(x) = -6*x**3 + 10*x**2 + 30*x. Let s(t) = 5*k(t) + q(t). List the prime factors of s(7).
2, 3
Suppose 0*d = -3*d + 12. Suppose d*z = z + 369. What are the prime factors of z?
3, 41
What are the prime factors of -1446*(3/3 - (-50)/(-30))?
2, 241
Suppose 4*v + 2*c - 16852 = 0, 4*v - 20*c = -15*c + 16838. List the prime factors of v.
2, 3, 13
Suppose -3*z - 2*x + 72 = 0, 5*x + 0*x = 2*z - 29. Let m = -11 + z. List the prime factors of m.
11
List the prime factors of 1/(4 + (-5957)/1491).
3, 71
Let f(l) = -2*l**2 - 3*l + 555. List the prime factors of